{"id":60,"date":"2019-04-24T23:55:04","date_gmt":"2019-04-24T21:55:04","guid":{"rendered":"http:\/\/lunacalypso.fr\/?page_id=60"},"modified":"2019-10-08T16:25:07","modified_gmt":"2019-10-08T14:25:07","slug":"accueil","status":"publish","type":"page","link":"https:\/\/lunacalypso.fr\/?page_id=60","title":{"rendered":"Mariage"},"content":{"rendered":"\n<div class=\"wp-block-image\"><figure class=\"aligncenter is-resized\"><img loading=\"lazy\" src=\"http:\/\/lunacalypso.fr\/wp-content\/uploads\/2019\/05\/heart-529607_1920-1-300x200.jpg\" alt=\"\" class=\"wp-image-220\" width=\"498\" height=\"332\" srcset=\"https:\/\/lunacalypso.fr\/wp-content\/uploads\/2019\/05\/heart-529607_1920-1-300x200.jpg 300w, https:\/\/lunacalypso.fr\/wp-content\/uploads\/2019\/05\/heart-529607_1920-1-768x511.jpg 768w, https:\/\/lunacalypso.fr\/wp-content\/uploads\/2019\/05\/heart-529607_1920-1-1024x681.jpg 1024w, https:\/\/lunacalypso.fr\/wp-content\/uploads\/2019\/05\/heart-529607_1920-1-1140x758.jpg 1140w, https:\/\/lunacalypso.fr\/wp-content\/uploads\/2019\/05\/heart-529607_1920-1.jpg 1920w\" sizes=\"(max-width: 498px) 100vw, 498px\" \/><\/figure><\/div>\n\n\n\n<p style=\"text-align:center\"><a href=\"http:\/\/lunacalypso.fr\/?page_id=115\"><strong> La demande<\/strong><\/a><strong> <\/strong><\/p>\n\n\n\n<p style=\"text-align:center\"><a href=\"http:\/\/lunacalypso.fr\/?page_id=113\"><strong>Organiser mon mariage<\/strong><\/a><strong> &#8211; <\/strong><a href=\"http:\/\/lunacalypso.fr\/?page_id=145\"><strong>Tarifs<\/strong><\/a><\/p>\n\n\n\n<p style=\"text-align:center\"><a href=\"http:\/\/lunacalypso.fr\/?page_id=125\"><strong>C\u00e9r\u00e9monie &#8211; Renouveler mes v\u0153ux<\/strong><\/a><strong> <\/strong><br><\/p>\n","protected":false},"excerpt":{"rendered":"<p>La demande Organiser mon mariage &#8211; Tarifs C\u00e9r\u00e9monie &#8211; Renouveler mes v\u0153ux<\/p>\n","protected":false},"author":1,"featured_media":0,"parent":0,"menu_order":0,"comment_status":"closed","ping_status":"closed","template":"","meta":[],"_links":{"self":[{"href":"https:\/\/lunacalypso.fr\/index.php?rest_route=\/wp\/v2\/pages\/60"}],"collection":[{"href":"https:\/\/lunacalypso.fr\/index.php?rest_route=\/wp\/v2\/pages"}],"about":[{"href":"https:\/\/lunacalypso.fr\/index.php?rest_route=\/wp\/v2\/types\/page"}],"author":[{"embeddable":true,"href":"https:\/\/lunacalypso.fr\/index.php?rest_route=\/wp\/v2\/users\/1"}],"replies":[{"embeddable":true,"href":"https:\/\/lunacalypso.fr\/index.php?rest_route=%2Fwp%2Fv2%2Fcomments&post=60"}],"version-history":[{"count":12,"href":"https:\/\/lunacalypso.fr\/index.php?rest_route=\/wp\/v2\/pages\/60\/revisions"}],"predecessor-version":[{"id":293,"href":"https:\/\/lunacalypso.fr\/index.php?rest_route=\/wp\/v2\/pages\/60\/revisions\/293"}],"wp:attachment":[{"href":"https:\/\/lunacalypso.fr\/index.php?rest_route=%2Fwp%2Fv2%2Fmedia&parent=60"}],"curies":[{"name":"wp","href":"https:\/\/api.w.org\/{rel}","templated":true}]}}