{"id":33,"date":"2019-04-24T23:35:57","date_gmt":"2019-04-24T21:35:57","guid":{"rendered":"http:\/\/lunacalypso.fr\/?page_id=33"},"modified":"2023-11-08T21:00:37","modified_gmt":"2023-11-08T20:00:37","slug":"ceremonie-laique","status":"publish","type":"page","link":"https:\/\/lunacalypso.fr\/?page_id=33","title":{"rendered":"C\u00e9r\u00e9monie La\u00efque"},"content":{"rendered":"\n<figure class=\"wp-block-gallery aligncenter columns-1 is-cropped\"><ul class=\"blocks-gallery-grid\"><li class=\"blocks-gallery-item\"><figure><img loading=\"lazy\" width=\"1024\" height=\"683\" src=\"http:\/\/lunacalypso.fr\/wp-content\/uploads\/2019\/04\/aisle-1846114_1920-1-1024x683.jpg\" alt=\"\" data-id=\"72\" data-link=\"http:\/\/lunacalypso.fr\/?attachment_id=72\" class=\"wp-image-72\" srcset=\"https:\/\/lunacalypso.fr\/wp-content\/uploads\/2019\/04\/aisle-1846114_1920-1-1024x683.jpg 1024w, https:\/\/lunacalypso.fr\/wp-content\/uploads\/2019\/04\/aisle-1846114_1920-1-300x200.jpg 300w, https:\/\/lunacalypso.fr\/wp-content\/uploads\/2019\/04\/aisle-1846114_1920-1-768x512.jpg 768w, https:\/\/lunacalypso.fr\/wp-content\/uploads\/2019\/04\/aisle-1846114_1920-1-1x1.jpg 1w, https:\/\/lunacalypso.fr\/wp-content\/uploads\/2019\/04\/aisle-1846114_1920-1.jpg 1920w\" sizes=\"(max-width: 1024px) 100vw, 1024px\" \/><\/figure><\/li><\/ul><\/figure>\n\n\n\n<p class=\"has-text-align-center\"><strong>Et si vous viviez une c\u00e9r\u00e9monie \u00e0 votre image&#8230;<\/strong><\/p>\n\n\n\n<p><strong>Pourquoi une c\u00e9r\u00e9monie La\u00efque ?<\/strong><\/p>\n\n\n\n<p>Et pourquoi pas ? Dirai-je!.. Avec une c\u00e9r\u00e9monie la\u00efque, c&rsquo;est la possibilit\u00e9 de partir d&rsquo;une page blanche, et d&rsquo;imaginer, de cr\u00e9er, mais surtout de r\u00e9aliser le moment parfait dont vous avez envie. <\/p>\n\n\n\n<p>Dans un cloitre, un ch\u00e2teau, un parc, ou m\u00eame dans votre propre jardin, tout est possible. Vous pouvez adopter une th\u00e9matique forte, ou empreinte de puret\u00e9, avec seul d\u00e9cor : l&rsquo;environnement ext\u00e9rieur. Rien n&rsquo;est impossible, tout est r\u00e9alisable.<\/p>\n\n\n\n<p>Durant cette c\u00e9r\u00e9monie, des rituels peuvent \u00eatre c\u00e9l\u00e9brer, fortifiant une symbolique voulue et personnalis\u00e9e.<\/p>\n\n\n\n<p>Propice aux interventions de proches, aux surprises, et aux moments d&rsquo;\u00e9motions partag\u00e9s, la c\u00e9r\u00e9monie la\u00efque sera un des temps forts de votre \u00e9v\u00e8nement.<\/p>\n\n\n\n<p>Prestation \u00e0 partir de <em>950 \u20ac <\/em>&#8211; Pour toutes demandes de devis &#8211; Rendez vous dans l&rsquo;onglet CONTACT<\/p>\n","protected":false},"excerpt":{"rendered":"<p>Et si vous viviez une c\u00e9r\u00e9monie \u00e0 votre image&#8230; Pourquoi une c\u00e9r\u00e9monie La\u00efque ? Et pourquoi pas ? Dirai-je!.. Avec une c\u00e9r\u00e9monie la\u00efque, c&rsquo;est la possibilit\u00e9 de partir d&rsquo;une page blanche, et d&rsquo;imaginer, de cr\u00e9er, mais surtout de r\u00e9aliser le moment parfait dont vous avez envie. Dans un cloitre, un ch\u00e2teau, un parc, ou m\u00eame dans votre propre jardin, tout est possible. Vous pouvez adopter une th\u00e9matique forte, ou empreinte de puret\u00e9, avec seul d\u00e9cor : l&rsquo;environnement ext\u00e9rieur. Rien n&rsquo;est impossible, tout est r\u00e9alisable. Durant cette c\u00e9r\u00e9monie, des rituels peuvent \u00eatre c\u00e9l\u00e9brer, fortifiant une symbolique voulue et personnalis\u00e9e. Propice aux interventions de proches, aux surprises, et aux moments d&rsquo;\u00e9motions partag\u00e9s, la c\u00e9r\u00e9monie la\u00efque sera un des temps forts de votre \u00e9v\u00e8nement. Prestation \u00e0 partir de 950 \u20ac &#8211; Pour toutes demandes de devis &#8211; Rendez vous dans l&rsquo;onglet CONTACT<\/p>\n","protected":false},"author":1,"featured_media":0,"parent":0,"menu_order":0,"comment_status":"closed","ping_status":"closed","template":"","meta":[],"_links":{"self":[{"href":"https:\/\/lunacalypso.fr\/index.php?rest_route=\/wp\/v2\/pages\/33"}],"collection":[{"href":"https:\/\/lunacalypso.fr\/index.php?rest_route=\/wp\/v2\/pages"}],"about":[{"href":"https:\/\/lunacalypso.fr\/index.php?rest_route=\/wp\/v2\/types\/page"}],"author":[{"embeddable":true,"href":"https:\/\/lunacalypso.fr\/index.php?rest_route=\/wp\/v2\/users\/1"}],"replies":[{"embeddable":true,"href":"https:\/\/lunacalypso.fr\/index.php?rest_route=%2Fwp%2Fv2%2Fcomments&post=33"}],"version-history":[{"count":23,"href":"https:\/\/lunacalypso.fr\/index.php?rest_route=\/wp\/v2\/pages\/33\/revisions"}],"predecessor-version":[{"id":401,"href":"https:\/\/lunacalypso.fr\/index.php?rest_route=\/wp\/v2\/pages\/33\/revisions\/401"}],"wp:attachment":[{"href":"https:\/\/lunacalypso.fr\/index.php?rest_route=%2Fwp%2Fv2%2Fmedia&parent=33"}],"curies":[{"name":"wp","href":"https:\/\/api.w.org\/{rel}","templated":true}]}}