{"id":115,"date":"2019-04-29T00:11:09","date_gmt":"2019-04-28T22:11:09","guid":{"rendered":"http:\/\/lunacalypso.fr\/?page_id=115"},"modified":"2019-07-12T09:22:48","modified_gmt":"2019-07-12T07:22:48","slug":"la-demande","status":"publish","type":"page","link":"https:\/\/lunacalypso.fr\/?page_id=115","title":{"rendered":"La demande"},"content":{"rendered":"\n<p>Psssst, c&rsquo;est par ici..<\/p>\n\n\n\n<p>J&rsquo;ai entendu dire que vous vous \u00e9tiez d\u00e9cid\u00e9s \u00e0 faire LA demande \u00e0 votre \u00e2me s\u0153ur. Vous voulez quelque chose de romantique, d&rsquo;idyllique, ou de compl\u00e9tement decal\u00e9, \u00e0 votre image ?<\/p>\n\n\n\n<p>Je suis l\u00e0 pour orchestrer cette demande, dans l&rsquo;ombre, afin qu&rsquo;elle soit inoubliable pour vous deux !<\/p>\n\n\n\n<p>La prestation que je vous propose : <\/p>\n\n\n\n<ul><li>Entretien d&rsquo; 1h30 ensemble pour \u00e9tablir la ligne conductrice de votre demande<\/li><li>Cr\u00e9ation et description du sc\u00e9nario <\/li><li>\u00c9tablissement du budget<\/li><li>Aide \u00e0 la pr\u00e9paration<\/li><\/ul>\n\n\n\n<p style=\"text-align:center\"><strong>Formule \u00a0\u00bb Marry Me\u00a0\u00bb \u00e0 partir de 180 \u20ac<\/strong><\/p>\n\n\n\n<div class=\"wp-block-image\"><figure class=\"aligncenter\"><img loading=\"lazy\" width=\"960\" height=\"720\" src=\"http:\/\/lunacalypso.fr\/wp-content\/uploads\/2019\/04\/marry-me-1044416_960_720-1.jpg\" alt=\"\" class=\"wp-image-159\" srcset=\"https:\/\/lunacalypso.fr\/wp-content\/uploads\/2019\/04\/marry-me-1044416_960_720-1.jpg 960w, https:\/\/lunacalypso.fr\/wp-content\/uploads\/2019\/04\/marry-me-1044416_960_720-1-300x225.jpg 300w, https:\/\/lunacalypso.fr\/wp-content\/uploads\/2019\/04\/marry-me-1044416_960_720-1-768x576.jpg 768w\" sizes=\"(max-width: 960px) 100vw, 960px\" \/><\/figure><\/div>\n","protected":false},"excerpt":{"rendered":"<p>Psssst, c&rsquo;est par ici.. J&rsquo;ai entendu dire que vous vous \u00e9tiez d\u00e9cid\u00e9s \u00e0 faire LA demande \u00e0 votre \u00e2me s\u0153ur. Vous voulez quelque chose de romantique, d&rsquo;idyllique, ou de compl\u00e9tement decal\u00e9, \u00e0 votre image ? Je suis l\u00e0 pour orchestrer cette demande, dans l&rsquo;ombre, afin qu&rsquo;elle soit inoubliable pour vous deux ! La prestation que je vous propose : Entretien d&rsquo; 1h30 ensemble pour \u00e9tablir la ligne conductrice de votre demande Cr\u00e9ation et description du sc\u00e9nario \u00c9tablissement du budget Aide \u00e0 la pr\u00e9paration Formule \u00a0\u00bb Marry Me\u00a0\u00bb \u00e0 partir de 180 \u20ac<\/p>\n","protected":false},"author":1,"featured_media":0,"parent":0,"menu_order":0,"comment_status":"closed","ping_status":"closed","template":"","meta":[],"_links":{"self":[{"href":"https:\/\/lunacalypso.fr\/index.php?rest_route=\/wp\/v2\/pages\/115"}],"collection":[{"href":"https:\/\/lunacalypso.fr\/index.php?rest_route=\/wp\/v2\/pages"}],"about":[{"href":"https:\/\/lunacalypso.fr\/index.php?rest_route=\/wp\/v2\/types\/page"}],"author":[{"embeddable":true,"href":"https:\/\/lunacalypso.fr\/index.php?rest_route=\/wp\/v2\/users\/1"}],"replies":[{"embeddable":true,"href":"https:\/\/lunacalypso.fr\/index.php?rest_route=%2Fwp%2Fv2%2Fcomments&post=115"}],"version-history":[{"count":6,"href":"https:\/\/lunacalypso.fr\/index.php?rest_route=\/wp\/v2\/pages\/115\/revisions"}],"predecessor-version":[{"id":274,"href":"https:\/\/lunacalypso.fr\/index.php?rest_route=\/wp\/v2\/pages\/115\/revisions\/274"}],"wp:attachment":[{"href":"https:\/\/lunacalypso.fr\/index.php?rest_route=%2Fwp%2Fv2%2Fmedia&parent=115"}],"curies":[{"name":"wp","href":"https:\/\/api.w.org\/{rel}","templated":true}]}}